 prime factors of 5207872.
2, 81373
What are the prime factors of 1370008439?
1370008439
What are the prime factors of 21651334?
2, 1913, 5659
List the prime factors of 15240803.
15240803
List the prime factors of 389516651.
389516651
List the prime factors of 1149065236.
2, 11, 929, 28111
List the prime factors of 296302315.
5, 61, 971483
What are the prime factors of 1963458647?
43, 1061903
What are the prime factors of 1321483173?
3, 1163, 378757
List the prime factors of 405002571.
3, 135000857
List the prime factors of 558360329.
47, 2551, 4657
List the prime factors of 40424271.
3, 23, 509, 1151
List the prime factors of 237273510.
2, 3, 5, 7909117
What are the prime factors of 2824790840?
2, 5, 2003, 35257
What are the prime factors of 803709892?
2, 61, 3293893
What are the prime factors of 525347069?
13, 40411313
What are the prime factors of 2896712172?
2, 3, 157, 170837
List the prime factors of 408841576.
2, 11, 13, 53, 613
What are the prime factors of 188585057?
29, 43, 3517
List the prime factors of 1835937795.
3, 5, 19, 6441887
List the prime factors of 1566440350.
2, 5, 17, 61, 30211
List the prime factors of 906372415.
5, 13, 739, 18869
List the prime factors of 1735452458.
2, 53, 683, 23971
What are the prime factors of 149171717?
19, 7851143
List the prime factors of 78630670.
2, 5, 7863067
What are the prime factors of 188184304?
2, 7, 11, 21821
What are the prime factors of 48715605?
3, 5, 83, 13043
What are the prime factors of 52322050?
2, 5, 11, 95131
List the prime factors of 760435067.
7, 15519083
List the prime factors of 51916414.
2, 11, 41, 57557
What are the prime factors of 509088617?
113, 4505209
List the prime factors of 5477595194.
2, 17, 161105741
What are the prime factors of 4168918452?
2, 3, 23, 617, 24481
What are the prime factors of 83307864?
2, 3, 211, 16451
List the prime factors of 954726523.
3821, 249863
What are the prime factors of 900649375?
5, 17, 29, 37, 79
List the prime factors of 4382813989.
89, 6247, 7883
What are the prime factors of 36398450?
2, 5, 11, 66179
What are the prime factors of 960267085?
5, 192053417
List the prime factors of 1168885828.
2, 11, 26565587
What are the prime factors of 477226520?
2, 5, 11930663
What are the prime factors of 256900390?
2, 5, 25690039
List the prime factors of 463729100.
2, 5, 269, 17239
What are the prime factors of 3231604574?
2, 11, 146891117
List the prime factors of 288557694.
2, 3, 17, 61, 5153
List the prime factors of 250075845.
3, 5, 29, 71, 2699
List the prime factors of 246916055.
5, 317, 155783
What are the prime factors of 578737988?
2, 61, 2371877
List the prime factors of 65939900.
2, 5, 13, 50723
What are the prime factors of 93865592?
2, 11733199
List the prime factors of 8023439.
17, 89, 5303
List the prime factors of 145444099.
9241, 15739
What are the prime factors of 59650696?
2, 7, 31, 34361
What are the prime factors of 64405337?
64405337
What are the prime factors of 164396901?
3, 54798967
What are the prime factors of 759100241?
759100241
What are the prime factors of 830350469?
13, 31, 197, 10459
What are the prime factors of 66654872?
2, 353, 23603
List the prime factors of 29294112.
2, 3, 305147
What are the prime factors of 1105173522?
2, 3, 233, 263513
What are the prime factors of 84880611?
3, 239, 39461
List the prime factors of 2744594491.
1913, 1434707
What are the prime factors of 3026205668?
2, 43, 17594219
List the prime factors of 51572699.
1493, 34543
List the prime factors of 182187358.
2, 61, 1493339
What are the prime factors of 80316354?
2, 3, 13386059
List the prime factors of 1362497667.
3, 23, 1229, 16067
List the prime factors of 634956580.
2, 5, 191, 166219
List the prime factors of 2127254316.
2, 3, 11, 1367, 11789
What are the prime factors of 2127886?
2, 19, 55997
List the prime factors of 69979883.
113, 421, 1471
List the prime factors of 7612497579.
3, 1721, 1474433
List the prime factors of 3683517977.
443, 8314939
What are the prime factors of 700068640?
2, 5, 4375429
What are the prime factors of 2350047680?
2, 5, 19, 386521
List the prime factors of 58916473.
7, 11, 19, 523
List the prime factors of 6290231.
317, 19843
List the prime factors of 2183318947.
2183318947
List the prime factors of 5450929642.
2, 59, 46194319
List the prime factors of 49136538.
2, 3, 11, 744493
What are the prime factors of 6374849?
13, 67, 563
What are the prime factors of 2034178553?
11, 31, 227, 2389
What are the prime factors of 623062185?
3, 5, 3527, 11777
What are the prime factors of 7390029235?
5, 43, 34372229
What are the prime factors of 53087378?
2, 37, 717397
What are the prime factors of 34994376?
2, 3, 162011
List the prime factors of 29180920.
2, 5, 31, 101, 233
List the prime factors of 680246704.
2, 17, 73, 34259
List the prime factors of 15423125.
5, 24677
What are the prime factors of 51016675?
5, 113, 18059
What are the prime factors of 297800609?
297800609
What are the prime factors of 199492042?
2, 17, 1129, 5197
What are the prime factors of 326163962?
2, 163081981
What are the prime factors of 135426803?
7159, 18917
What are the prime factors of 668350934?
2, 334175467
List the prime factors of 6312435712.
2, 11, 70051
What are the prime factors of 121615610?
2, 5, 43, 282827
What are the prime factors of 1956761256?
2, 3, 81531719
List the prime factors of 2661947699.
2661947699
List the prime factors of 33786372.
2, 3, 191, 14741
List the prime factors of 36412229.
7, 313, 16619
What are the prime factors of 218254215?
3, 5, 503, 28927
List the prime factors of 6799348920.
2, 3, 5, 7, 13, 229, 2719
What are the prime factors of 1492693?
67, 22279
List the prime factors of 2750766482.
2, 1375383241
List the prime factors of 14754804.
2, 3, 47, 26161
What are the prime factors of 1687835320?
2, 5, 42195883
What are the prime factors of 203445928?
2, 7, 3632963
What are the prime factors of 2125441017?
3, 7, 23, 1466833
List the prime factors of 15771121.
17, 19, 157, 311
List the prime factors of 55640171.
139, 613, 653
List the prime factors of 12315626.
2, 23, 79, 3389
List the prime factors of 949133163.
3, 11, 19, 631, 2399
List the prime factors of 21995542.
2, 10997771
What are the prime factors of 58550227?
17, 31, 241, 461
List the prime factors of 3318082544.
2, 7, 29625737
List the prime factors of 395631344.
2, 17, 59, 89, 277
What are the prime factors of 50067095?
5, 13, 193, 307
What are the prime factors of 132606559?
9767, 13577
What are the prime factors of 271499753?
7, 38785679
List the prime factors of 1469298620.
2, 5, 131, 449, 1249
List the prime factors of 2867951611.
7, 409707373
List the prime factors of 171474235.
5, 34294847
List the prime factors of 52775838.
2, 3, 37, 109, 727
List the prime factors of 86342313.
3, 28780771
What are the prime factors of 1212019781?
7, 2677, 64679
List the prime factors of 867228286.
2, 19, 31, 736187
What are the prime factors of 295234364?
2, 1619, 45589
List the prime factors of 11863748.
2, 13, 337, 677
List the prime factors of 9951705.
3, 5, 37, 43, 139
What are the prime factors of 19779427?
1009, 19603
What are the prime factors of 200535871?
467, 429413
What are the prime factors of 254532506?
2, 31, 4105363
List the prime factors of 225930209.
2803, 80603
What are the prime factors of 143887383?
3, 15987487
What are the prime factors of 31255316?
2, 17, 31, 14827
List the prime factors of 15575356.
2, 67, 89, 653
What are the prime factors of 1990743911?
13, 17, 9007891
List the prime factors of 3107544391.
7, 607, 731359
What are the prime factors of 135506660?
2, 5, 17, 398549
What are the prime factors of 3870926456?
2, 547, 911, 971
What are the prime factors of 906207050?
2, 5, 7, 137, 18899
What are the prime factors of 23513217?
3, 7, 13, 43, 2003
What are the prime factors of 25573384?
2, 1429, 2237
What are the prime factors of 630992254?
2, 311, 1014457
What are the prime factors of 3303612162?
2, 3, 61178003
What are the prime factors of 11478656?
2, 7, 23, 557
List the prime factors of 54148809.
3, 11, 13, 113, 1117
List the prime factors of 4039529259.
3, 127, 1129, 9391
List the prime factors of 1776571252.
2, 444142813
List the prime factors of 444027617.
11, 691, 58417
What are the prime factors of 2